 the prime factors of 95456858?
2, 7, 6818347
What are the prime factors of 2637722294?
2, 23, 227, 252607
What are the prime factors of 56305949?
7, 19, 197, 307
What are the prime factors of 372708175?
5, 7, 79, 26959
What are the prime factors of 530703146?
2, 265351573
List the prime factors of 376631133.
3, 125543711
List the prime factors of 1037552845.
5, 7, 29644367
List the prime factors of 1555815233.
7, 41, 199, 27241
List the prime factors of 2743091580.
2, 3, 5, 45718193
What are the prime factors of 22555700?
2, 5, 59, 3823
What are the prime factors of 71006432?
2, 7, 53, 5981
List the prime factors of 57368810.
2, 5, 5736881
List the prime factors of 338296675.
5, 13531867
What are the prime factors of 59884649?
11, 5444059
What are the prime factors of 1370284933?
167, 229, 35831
List the prime factors of 54577690.
2, 5, 19, 287251
What are the prime factors of 790289072?
2, 71, 695677
What are the prime factors of 1772810473?
7, 17, 181, 82307
What are the prime factors of 573859953?
3, 63762217
What are the prime factors of 2448256251?
3, 7, 163, 715237
List the prime factors of 1852135968.
2, 3, 41, 569, 827
List the prime factors of 2209612489.
7, 315658927
What are the prime factors of 28930425?
3, 5, 385739
List the prime factors of 51296829.
3, 17098943
What are the prime factors of 95948320?
2, 5, 13, 163, 283
What are the prime factors of 614512296?
2, 3, 1091, 7823
What are the prime factors of 30168458?
2, 15084229
List the prime factors of 143722891.
13, 353, 31319
What are the prime factors of 5737697600?
2, 5, 139, 25799
List the prime factors of 16965450.
2, 3, 5, 59, 71
What are the prime factors of 951432446?
2, 475716223
List the prime factors of 94377526.
2, 47188763
What are the prime factors of 336337333?
17, 103, 11299
What are the prime factors of 12375623?
13, 311, 3061
What are the prime factors of 223221925?
5, 37, 241321
List the prime factors of 768707509.
768707509
What are the prime factors of 83333455?
5, 587, 28393
List the prime factors of 204930982.
2, 857, 119563
What are the prime factors of 39853029?
3, 13284343
What are the prime factors of 1545613371?
3, 43, 3993833
What are the prime factors of 162325759?
19, 8543461
What are the prime factors of 24621751?
7, 11, 319763
What are the prime factors of 38993300?
2, 5, 149, 2617
List the prime factors of 14114696.
2, 73, 24169
List the prime factors of 675382532.
2, 11, 151, 101653
What are the prime factors of 173903143?
19, 9152797
What are the prime factors of 3685503351?
3, 22669, 54193
List the prime factors of 22573268.
2, 5643317
List the prime factors of 335922451.
19, 17680129
What are the prime factors of 11184668?
2, 11, 254197
List the prime factors of 377936419.
7, 61, 885097
List the prime factors of 3430104001.
673, 5096737
List the prime factors of 25446884.
2, 43, 197, 751
What are the prime factors of 2841523?
2841523
List the prime factors of 101849587.
7, 269, 7727
What are the prime factors of 941183706?
2, 3, 67, 1439, 1627
What are the prime factors of 108465304?
2, 17, 797539
What are the prime factors of 190695458?
2, 95347729
List the prime factors of 43300981.
19, 283, 8053
List the prime factors of 1181369689.
1181369689
What are the prime factors of 16054699?
16054699
What are the prime factors of 43153656?
2, 3, 7, 13, 19759
List the prime factors of 14539752.
2, 3, 89, 2269
What are the prime factors of 69422896?
2, 257, 16883
List the prime factors of 3580727711.
11, 2939, 10069
List the prime factors of 22414220.
2, 5, 1120711
What are the prime factors of 19377363?
3, 6459121
List the prime factors of 86367019.
101, 855119
What are the prime factors of 1000022978?
2, 59, 8474771
What are the prime factors of 650826062?
2, 17, 29, 660067
List the prime factors of 2004404811.
3, 37, 269, 67129
What are the prime factors of 8778975382?
2, 4389487691
List the prime factors of 1793523173.
13, 137963321
What are the prime factors of 554926130?
2, 5, 11, 5044783
List the prime factors of 14483392.
2, 7, 11, 2939
List the prime factors of 1393995371.
43, 73, 444089
List the prime factors of 399977722.
2, 311, 643051
What are the prime factors of 53591135?
5, 13, 167, 4937
What are the prime factors of 640069636?
2, 160017409
List the prime factors of 19059453.
3, 7, 71, 4261
List the prime factors of 3376120666.
2, 29, 2237, 26021
List the prime factors of 228337448.
2, 211, 135271
What are the prime factors of 862138108?
2, 13, 47, 352757
What are the prime factors of 150136167?
3, 509, 98321
What are the prime factors of 3193431648?
2, 3, 11, 3024083
List the prime factors of 32488631.
7, 809, 5737
List the prime factors of 4607408437.
29, 601, 264353
What are the prime factors of 53088344?
2, 373, 17791
What are the prime factors of 189038071?
189038071
What are the prime factors of 102543462?
2, 3, 7, 271279
What are the prime factors of 175377721?
175377721
List the prime factors of 31249049.
13, 2403773
What are the prime factors of 234065900?
2, 5, 2340659
What are the prime factors of 175351068?
2, 3, 59, 9173
What are the prime factors of 2697220091?
2697220091
What are the prime factors of 10630256?
2, 7, 13, 149
What are the prime factors of 198687649?
31, 43, 149053
What are the prime factors of 1171646822?
2, 67, 8743633
What are the prime factors of 68461719?
3, 43, 530711
List the prime factors of 230365771.
149, 661, 2339
What are the prime factors of 36458418?
2, 3, 31, 6323
List the prime factors of 30351449.
31, 149, 6571
What are the prime factors of 20648922?
2, 3, 7, 257, 1913
List the prime factors of 68637294.
2, 3, 11, 37, 347
List the prime factors of 543706857.
3, 47, 157, 2729
List the prime factors of 572238945.
3, 5, 4238807
What are the prime factors of 21199710?
2, 3, 5, 7, 157, 643
List the prime factors of 9449094.
2, 3, 1574849
What are the prime factors of 866605830?
2, 3, 5, 137, 210853
What are the prime factors of 561691179?
3, 7, 990637
List the prime factors of 42213305.
5, 317, 26633
List the prime factors of 105859145.
5, 7, 3024547
What are the prime factors of 1358931671?
37, 877, 41879
What are the prime factors of 168355985?
5, 7, 4810171
List the prime factors of 119552048.
2, 7, 11, 97039
List the prime factors of 26528028.
2, 3, 19, 116351
List the prime factors of 81630101.
7, 167, 69829
What are the prime factors of 38351009?
701, 54709
What are the prime factors of 39559135?
5, 7, 11, 9341
List the prime factors of 265096317.
3, 17, 5197967
List the prime factors of 3213078265.
5, 23, 131, 213281
List the prime factors of 4802551253.
4802551253
What are the prime factors of 376578522?
2, 3, 41, 139, 3671
What are the prime factors of 99873092?
2, 11, 2269843
List the prime factors of 231358633.
11, 23, 914461
List the prime factors of 2745259.
11, 103, 2423
What are the prime factors of 18492416?
2, 18059
List the prime factors of 52786614.
2, 3, 31, 283799
What are the prime factors of 201832084?
2, 23, 2193827
List the prime factors of 5617333225.
5, 7, 32099047
What are the prime factors of 5109612?
2, 3, 425801
What are the prime factors of 370252610?
2, 5, 7, 13, 251, 1621
List the prime factors of 29497607.
137, 139, 1549
List the prime factors of 1341430133.
1341430133
List the prime factors of 466893836.
2, 23, 5074933
What are the prime factors of 179952947?
179952947
List the prime factors of 187975749.
3, 13, 17, 227, 1249
What are the prime factors of 29818019?
7, 11, 1129
List the prime factors of 113369347.
7, 13, 1245817
List the prime factors of 271238487.
3, 13, 2237, 3109
List the prime factors of 219324672.
2, 3, 7, 1511
What are the prime factors of 152827071?
3, 29, 1756633
List the prime factors of 120154886.
2, 2609, 23027
What are the prime factors of 482095733?
7, 4943, 13933
List the prime factors of 46138923.
3, 79, 97, 223
List the prime factors of 285165133.
11, 25924103
List the prime factors of 1349360178.
2, 3, 37, 53, 73, 1571
List the prime factors of 287063137.
281, 1021577
What are the prime factors of 245453492?
2, 577, 106349
List the prime factors of 788535045.
3, 5, 2309, 7589
List the prime factors of 12296686.
2, 19, 323597
What are the prime factors of 1207119070?
2, 5, 223, 541309
What are the prime factors of 29514